?
True
Is 453891199 a prime number?
True
Is 2312171 prime?
False
Is 28075303 composite?
False
Is 6360799 prime?
True
Is 16955129 composite?
False
Is 3281947 a composite number?
True
Is 1183181 a prime number?
True
Is 106900649 prime?
False
Is 22534345 a prime number?
False
Is 25133231 prime?
False
Is 321379855 a composite number?
True
Is 11100737 prime?
True
Is 114954659 a prime number?
False
Is 43993751 composite?
False
Is 16228177 a composite number?
True
Is 13635187 composite?
False
Is 961123 prime?
True
Is 4716707 composite?
False
Is 21540421 composite?
True
Is 347631383 a composite number?
True
Is 4744101 prime?
False
Is 266639 prime?
False
Is 3052311 a composite number?
True
Is 250371487 prime?
False
Is 18413513 prime?
True
Is 79932641 a composite number?
False
Is 3144851 a prime number?
False
Is 7831037 composite?
True
Is 15916631 a prime number?
False
Is 250212211 a prime number?
True
Is 70351 a prime number?
True
Is 189252769 a composite number?
False
Is 22944401 a composite number?
False
Is 10045421 a prime number?
True
Is 33523753 a prime number?
False
Is 276748339 a composite number?
True
Is 428023 composite?
False
Is 6086497 prime?
True
Is 43201643 prime?
True
Is 139471385 prime?
False
Is 38188637 composite?
False
Is 75648493 a composite number?
False
Is 539569 a prime number?
False
Is 26524517 a prime number?
True
Is 364342027 a composite number?
True
Is 1323097 prime?
False
Is 23714709 prime?
False
Is 3657331 prime?
True
Is 219359479 composite?
False
Is 7271741 a prime number?
False
Is 33084797 prime?
False
Is 226544257 a composite number?
False
Is 15467 a composite number?
False
Is 142330963 a prime number?
True
Is 3126779 a composite number?
False
Is 657563 a composite number?
True
Is 6703733 prime?
False
Is 2229917 prime?
True
Is 580397 composite?
True
Is 180403 a composite number?
True
Is 46484479 a prime number?
True
Is 28947461 a prime number?
True
Is 26270659 a prime number?
True
Is 1697621 a prime number?
True
Is 108345971 composite?
False
Is 148401641 a composite number?
False
Is 989993 prime?
False
Is 37629341 prime?
True
Is 64899607 prime?
True
Is 1164937 composite?
False
Is 2467351 prime?
True
Is 10693378 composite?
True
Is 49603819 a prime number?
True
Is 251219 a prime number?
True
Is 18208361 a composite number?
True
Is 7686541 a composite number?
False
Is 698097 a composite number?
True
Is 5870581 prime?
True
Is 622397 prime?
True
Is 3846539 composite?
True
Is 65871167 composite?
False
Is 1351351 a prime number?
False
Is 29136353 composite?
True
Is 22812071 a prime number?
True
Is 1315045 a prime number?
False
Is 385185865 prime?
False
Is 16060865 prime?
False
Is 117396353 a composite number?
True
Is 20492447 a prime number?
True
Is 685837951 composite?
False
Is 31775033 prime?
True
Is 711015499 a composite number?
False
Is 5787061 prime?
False
Is 273977087 composite?
True
Is 369621599 a prime number?
False
Is 786689 a prime number?
False
Is 31098901 composite?
False
Is 10351037 composite?
False
Is 1113293 prime?
False
Is 32647249 composite?
False
Is 536717 a composite number?
False
Is 2280767 a prime number?
True
Is 5399513 a prime number?
False
Is 2061661 prime?
False
Is 19821299 prime?
True
Is 241229 a prime number?
True
Is 9123986 a composite number?
True
Is 275356555 a prime number?
False
Is 2881477 a composite number?
True
Is 37705658 prime?
False
Is 5799403 a prime number?
False
Is 10288511 a prime number?
True
Is 620760545 a prime number?
False
Is 20282973 a composite number?
True
Is 3160877 composite?
False
Is 648689707 a composite number?
True
Is 63357703 prime?
False
Is 1418849 composite?
False
Is 9296743 a composite number?
True
Is 12077053 a prime number?
False
Is 7107371 a composite number?
False
Is 429601621 prime?
False
Is 7098205 a composite number?
True
Is 8923259 prime?
True
Is 19446499 composite?
True
Is 14429333 composite?
False
Is 321529 prime?
False
Is 37046729 composite?
True
Is 170501 composite?
True
Is 29348911 a prime number?
True
Is 18967253 a prime number?
False
Is 4583363 a prime number?
False
Is 21349277 a composite number?
False
Is 83703001 composite?
False
Is 22073671 a prime number?
True
Is 112358041 a prime number?
False
Is 184408573 prime?
True
Is 9363167 prime?
False
Is 112666153 a composite number?
False
Is 123509459 a composite number?
True
Is 4639967 composite?
False
Is 122929262 a composite number?
True
Is 132824431 a composite number?
True
Is 63740267 a composite number?
False
Is 10218862 prime?
False
Is 61998137 prime?
True
Is 20742313 composite?
True
Is 6461617 composite?
False
Is 15181631 a composite number?
False
Is 15422497 prime?
True
Is 13050231 a composite number?
True
Is 4611799 a prime number?
False
Is 20497063 a composite number?
False
Is 157943 prime?
False
Is 36493867 prime?
True
Is 38737159 a prime number?
False
Is 35075123 prime?
False
Is 15401933 composite?
False
Is 7202927 composite?
False
Is 5390191 a composite number?
False
Is 381167 prime?
True
Is 34181929 a prime number?
False
Is 84954527 prime?
False
Is 2495091551 composite?
False
Is 2176253 a composite number?
False
Is 306836067 a composite number?
True
Is 10526023 composite?
False
Is 19241749 composite?
True
Is 28109579 prime?
True
Is 1782037 a prime number?
False
Is 220221539 a prime number?
True
Is 4410157 prime?
False
Is 7394029 composite?
False
Is 429113803 prime?
False
Is 5911267 a prime number?
True
Is 46513631 a prime number?
False
Is 15740437 prime?
True
Is 176437657 composite?
True
Is 1198777 prime?
False
Is 2629727 prime?
False
Is 1001551 composite?
False
Is 21381205 prime?
False
Is 46465987 a prime number?
True
Is 950329 a composite number?
False
Is 22328294 prime?
False
Is 1781799 a composite number?
True
Is 774551 composite?
False
Is 28504337 prime?
False
Is 54856447 prime?
False
Is 25066099 composite?
False
Is 61536185 a prime number?
False
Is 2134619 composite?
True
Is 2241823 a prime number?
False
Is 4291759 a composite number?
False
Is 173586599 a prime number?
True
Is 8491603 prime?
False
Is 34724377 prime?
False
Is 13400027 a composite number?
False
Is 32774041 composite?
True
Is 13396979 a composite number?
False
Is 1199789 a prime number?
True
Is 506663 a prime number?
True
Is 926099 prime?
True
Is 1612393 prime?
True
Is 337815501 composite?
True
Is 211959227 composite?
False
Is 233044591 a composite number?
True
Is 3218347 a prime number?
False
Is 17142677 a composite number?
False
Is 3380809 prime?
True
Is 53172001 a prime number?
True
Is 32203 a prime number?
True
Is 98779631 composite?
False
Is 5295929 composite?
True
Is 6281621 prime?
True
Is 141745189 composite?
False
Is 10635977 a composite number?
True
Is 150384539 a composite number?
True
Is 45748519 a prime number?
True
Is 8781853 prime?
True
Is 15947927 a prime number?
False
Is 4479257 composite?
True
Is 48817 composite?
False
Is 762897 prime?
False
Is 70679281 a prime number?
True
Is 130273991 a composite number?
False
Is 16181735 prime?
False
Is 2746117 composite?
True
Is 25439263 a composite number?
False
Is 65383973 composite?
False
Is 16224797 prime?
True
Is 622397 composite?
False
Is 9292051 a composite number?
False
Is 96586773 prime?
False
Is 7981027 prime?
False
Is 6011213 prime?
False
Is 3863473 composite?
False
Is 199682453 composite?
False
Is 40107077 a prime number?
True
Is 3436406 a composite number?
True
Is 2493551 a composite number?
False
Is 13192039 composite?
True
Is 334796263 a composite number?
False
Is 58568137 a composite number?
False
Is 23971403 a composite number?
False
Is 169016293 a prime number?
False
Is 939823 composite?
False
Is 14502067 a composite number?
False
Is 429991 a composite number?
False
Is 417288077 composite?
True
Is 25057811 a composite number?
True
Is 45492263 a prime number?
False
Is 66369943 prime?
False
Is 5525053 a composite number?
False
Is 114461 a composite number?
True
Is 11714069 composite?
True
Is 32354129 prime?
True
Is 43152943 composite?
False
Is 78606449 a composite number?
False
Is 1902671 prime?
True
Is 7885649 composite?
False
Is 905753 a composite number?
True
Is 1519913 prime?
True
Is 442613 composite?
True
Is 175602179 a prime number?
True
Is 850973 prime?
True
Is 34758767 composite?
False
Is 84235054 a prime number?
False
Is 1615567 a composite n